3 - 5 - -5) + -4.
-3
What is -61 + 57 - (-4 - -1)?
-1
Calculate 20 - (1 + 6) - 6.
7
What is -2 - (0 - 0) - (-6 + -1)?
5
Calculate -4 - (-6 + 7 + (1 - 6)).
0
What is 8 + 1 + -1 + -8?
0
Evaluate 3 + (1 + -4 - 1 - -3).
2
1 + -1 - (-2 + 5 + 0)
-3
Evaluate -6 - ((8 - 6) + -4).
-4
Calculate 1 - -10 - (17 + -10).
4
Evaluate -8 - (-11 + 12 - -1).
-10
Calculate -5 - (-5 + (4 - 3) - 0).
-1
Evaluate 1 + -8 + 1 + (-7 - -12).
-1
(-2 - (4 + -8) - -1) + -2
1
What is the value of 3 + (4 - 7) + -5?
-5
Calculate -3 - (-5 - (0 - (5 + -1))).
-2
Evaluate -9 + (4 - -4) + -3.
-4
-115 - -123 - (-1 + 16)
-7
(0 + -5 - -5) + 5
5
Evaluate (5 - -11) + 1 + -11.
6
Evaluate 4 + (-5 - -9 - 1) + 0.
7
-1 - (5 - 4) - 1
-3
Evaluate -5 + 8 + 1 + -2.
2
Evaluate (2 - (4 + -1)) + 0 - 2.
-3
1 - (-7 - -8 - 6)
6
What is 8 + (0 - 3) - 3?
2
Calculate (0 + (1 - 1) - -6) + -2.
4
What is the value of 0 + (0 + 5 - (3 - 1))?
3
Evaluate 4 + (4 - 8) + -3 - 0.
-3
What is the value of -11 - -7 - (-12 - -4)?
4
Calculate 0 + 2 + (11 - (4 - -2)).
7
Evaluate -1 - (-1 + -4 - -3 - 3).
4
What is the value of (3 - (0 + 0 + 1)) + -6?
-4
What is the value of -4 + 4 - (-7 + 7)?
0
Calculate (-10 - 1 - 2) + 7 + -2.
-8
6 - (-3 + 7 - 1)
3
-1 + 10 - (6 + (0 - 1))
4
49 + -74 + (1 - -13)
-11
Calculate (10 + 1 - 12) + 6.
5
Calculate (1 - 0) + (16 + -8 - 9).
0
1 + 0 + 18 + -22
-3
What is -4 + -2 + -11 + 17 - 0?
0
Calculate -3 + 2 - -4 - (-1 - -7).
-3
What is (7 - 3) + 4 + -3 + -3?
2
What is the value of (3 - (2 + 9)) + 5?
-3
What is -10 - (-8 + (8 - 8))?
-2
Evaluate 4 - (1 - 3 - -6).
0
What is -8 - (0 + -2 + -2)?
-4
Evaluate 4 + (2 - 9) - (-1 - 1).
-1
What is 1 - (3 - (-2 - -3) - -1)?
-2
What is the value of -4 + (-4 + -1 + 4 - -3)?
-2
Evaluate 12 - 16 - (0 - 1).
-3
What is the value of -2 + (3 - (2 - -2)) + 0?
-3
What is the value of (6 + (7 - 3) - 6) + -1?
3
Evaluate -1 - (2 - 6 - -5).
-2
What is the value of -7 - (-5 + 4) - -6?
0
Evaluate (-2 - -1) + (-4 - -10 - 4).
1
Evaluate 9 - ((8 - 4) + 0).
5
-9 - (-5 + 1 + 0 + 0)
-5
Evaluate -5 - (-7 - (8 + -6)).
4
Evaluate (0 - -2) + (9 + -6 - 4).
1
(-4 - -2) + (-4 - -10)
4
What is -7 - (5 - (14 + -5))?
-3
What is -4 + 2 + 4 + 8 + -6?
4
What is -3 - ((1 - 3) + -1 - -3)?
-3
What is the value of 1 + 3 + -12 + 7?
-1
What is (-5 - -4) + -4 + (2 - 2)?
-5
What is 6 + -3 + -3 - (-3 - -8)?
-5
What is 4 - (3 - (-3 - -5))?
3
5 - (-1 - (-1 + 4 + -5))
4
Evaluate (-3 - 2) + 9 + -8.
-4
What is 1 - 6 - (-8 - -1)?
2
Calculate -3 - (0 + 6 + -9 + 6).
-6
Evaluate 4 - (-6 + (12 - 1)).
-1
Calculate -19 - -16 - (2 + 0).
-5
What is the value of (-8 - (1 + -14)) + -1 - -7?
11
1 - (-9 - (-2 + 0 + -6))
2
What is 4 - (-4 + 2 + 4)?
2
Calculate -3 + -2 + 3 - -3 - -1.
2
Calculate -1 - (5 - (2 - 1)) - -2.
-3
What is -7 + (2 - 2) + 3?
-4
What is the value of 11 + -7 + (-7 - -3)?
0
Calculate (-3 - -8) + -8 - -8.
5
-4 + 12 + -1 - 7
0
Evaluate 1 + 0 + (-1 - (1 + -4)).
3
Evaluate -31 - -28 - (-1 + -5).
3
5 + 1 - (-20 - -24)
2
(-6 - -4 - (-1 + -1)) + 1
1
-3 + (1 + -4 - -5)
-1
Evaluate 1 - (4 + 5 + 0).
-8
-1 + -14 + (-93 - -103)
-5
1 + -1 + (13 - (20 + -5))
-2
Evaluate (4 - -2) + (-6 - -1).
1
What is 2 + -10 + (6 - (-2 - -5))?
-5
Calculate -4 + 0 + 5 + (-7 - -1).
-5
What is -7 + (3 - -12) - 4?
4
Evaluate (-1 - 3) + -24 + 29.
1
Calculate 3 - -1 - (14 - -9 - 12).
-7
What is the value of -60 + 70 - (0 + 8)?
2
What is -3 - -5 - (2 + (1 - -1))?
-2
What is the value of (-11 - -9 - -11) + -15?
-6
Evaluate -5 + 7 - 0 - 2.
0
4 + 1 - ((3 - 2) + 4)
0
Calculate -2 - (-8 + 2) - (29 + -20).
-5
What is the value of 5 + -1 + -9 + 5?
0
What is -1 + 6 - (-6 - 3 - -15)?
-1
Evaluate -4 - (-4 + 2 + 6 - 11).
3
What is the value of (-8 + -6 - -4) + 3 + 2?
-5
Calculate 5 - (21 + -3) - -9.
-4
4 + (-6 - -7) + -2
3
What is -9 + (-4 - -6 - 1)?
-8
What is -15 + 11 - (2 - 4) - -9?
7
-6 - (0 + (1 - 0) - 4)
-3
Evaluate -8 - (-6 + -1 - -1).
-2
What is 0 + 2 - (71 + -67) - -9?
7
Evaluate 9 + (5 - 5) + -4.
5
What is the value of -4 - (-3 - (6 + -6))?
-1
Evaluate 3 + 0 - (2 - 6 - -3).
4
Calculate 2 - (3 - (0 + 0 + 3)).
2
What is -1 - -9 - (-26 - -31)?
3
(29 - 25) + (1 - 1)
4
What is -6 + 7 + (1 - 9)?
-7
What is 2 + -5 + (4 - -1)?
2
(4 - 6) + (5 - 5) + 0
-2
Evaluate -4 + (2 - -1) + 4 + 3.
6
What is (-5 + 1 + 6 - -2) + -3?
1
Evaluate (-4 - (-1 - 5)) + -5.
-3
What is -25 - -18 - (-1 - 2)?
-4
(1 - (-4 + 3 - 1)) + 1
4
Evaluate (3 - 0) + 1 + -3.
1
Evaluate -9 + 6 + -12 + 17.
2
What is the value of 19 - 13 - (1 + -6) - 6?
5
Calculate -3 - (-1 + -2) - (-6 + 14).
-8
What is -3 - (-1 + 1 - (11 + -3))?
5
What is the value of 10 - (-3 + 1 - -7)?
5
Calculate (3 - 2) + -7 + 7 - -4.
5
Calculate 5 - (-3 - (-5 - (-5 - -8))).
0
Calculate 8 + -1 - (1 + 3).
3
What is 2 + (0 + 8 - 1) - 8?
1
(4 - (4 - -13)) + 3
-10
-1 + (1 - (6 - 6))
0
What is the value of (-5 + -5 - -5) + -2 + 2?
-5
Calculate -6 - ((1 - 0) + -4).
-3
Calculate 1 + 0 - (12 + -7).
-4
Evaluate 7 - (-7 - -4 - -7).
3
Calculate (0 + 2 - (-10 - -14)) + 4.
2
What is (-19 - -9) + 8 + 2?
0
What is (-1 - 5 - (-21 - -19)) + 0?
-4
Calculate -1 + (5 - 3 - 9) + 4.
-4
(-5 - -2) + (-7 - -3) + 3
-4
-2 + (-1 - 2) + (6 - 3)
-2
What is the value of 2 + -11 + (6 - -2)?
-1
What is the value of 4 + (-2 - 0 - 1) + -2?
-1
What is -9 - (-10 + 5 + -2 + 1)?
-3
What is the value of -12 + 2 + 5 + 1?
-4
Calculate 10 - (1 + 6 + -3).
6
Calculate 7 - (-23 + 19 - (-8 - -1)).
4
Evaluate (1 - 10) + (15 - 10).
-4
What is 2 + 3 + (2 - (-2 - -5))?
4
Evaluate 6 - 12 - (-1 + -1).
-4
Calculate (-1 - 7) + -6 + (12 - 1).
-3
Evaluate -3 - (4 + -6 - -1) - 0.
-2
-6 + 10 + -10 + -1 + 12
5
Evaluate -1 - (3 - 6) - 2.
0
1 + 5 - (1 + 4)
1
-1 - (-2 + 3 + -1 + 5)
-6
Evaluate -5 - -2 - -11 - (1 + 2).
5
7 + (-4 - -4 - 2)
5
Calculate -7 - (-5 - (-4 - -5)) - -8.
7
Evaluate -19 + 25 + (-10 - 1).
-5
What is the value of 9 - 7 - (8 - 5)?
-1
Calculate 2 + -6 + 1 - (3 + -1).
-5
Calculate (-2 - -6) + 2 - (-38 + 37).
7
1 + (-1 - (-2 - -7))
-5
Evaluate -4 + (6 - (5 - 9) - 5).
1
What is 6 - 6 - -15 - 8?
7
Calculate (19 - 7) + -13 + -2.
-3
Evaluate (3 - (1 + -5)) + -4.
3
1 - 11 - (-123 - -119)
-6
10 - (2 - -5 - 2)
5
-9 + -2 + (18 - 3)
4
3 + 8 + -2 + -3 - 2
4
-35 + 35 - (-3 + 0) - 0
3
Evaluate (5 - 12) + (3 - 1).
-5
What is (-7 - -1) + (-6 - (-11 + 3))?
-4
Evaluate -12 + 18 - (7 - 2).
1
What is -5 - (5 - (2 - -8))?
0
What is the value of -6 + 14 + -7 + -5?
-4
-19 - (14 - 10 - 15)
-8
(-5 - -16) + -5 + -1
5
Evaluate 8 + -15 + (0 - -6).
-1
What is -1 - (4 + -7 - -3)?
-1
-5 + (6 - 0) + 0 - -6
7
What is -11 - (-2 + -5 + 0)?
-4
7 + 11 + -9 + -1
8
What is (-4 - -14) + -10 - 9?
-9
Evaluate (11 - -9) + -13 - 15.
-8
What is -6 + (1 - -2) - (-3 - 1)?
1
What is the value of 4 + -5 + (-4 - -3) + -1?
-3
-3 + -4 + 7 + (-5 - -8)
3
Evaluate -29 - -41 - ((-2 - -1) + 5).
8
Calculate 1 - 1 - (-1 + 3) - 1.
-3
What is -3 + 11 + (-13 - -2)?
-3
4 + (14 - (6 + 12))
0
Evaluate -5 + (0 + 3 - -5).
3
-1 - (3 + 2 + 1 + -7)
0
Evaluate 5 - 8 - 6 - -5.
-4
Evaluate 5 + -12 + -3 + 9.
-1
Calculate -1 + -10 + 10 - 1.
-2
What is -17 + 18 - (0 - (-4 + -4))?
-7
Calculate -6 + -2 - (-6 - (-2 - 0)).
-4
Calculate 2 - (3 + -2 + 2 + -4).
3
What is (-11 - -27) + -16 - (1 + 1)?
-2
What is (10 - 3) + (0 - 13)?
-6
What is the value of 7 - (1 - 12 - -24)?
-6
(12 - (10 + 13)) + 7
-4
What is 2 + -3 + 1 + (-2 - 2)?
-4
Calculate -7 + 10 + (6 - (-3 + 11)).
1
What is -2 + -1 + 9 + 1 + -3?
4
Evaluate (7 - (-4 - -3 - -1)) + -1.
6
What is 7 - (-12 - -25) - (0 - 10)?
4
Evaluate (-4 - ((1 - -3) + -7)) + -1.
-2
Evaluate 3 + 3 - (5 - 5 - -6).
0
21 + -8 + -9 + (-1 - 8)
-5
-1 + (-9 - ((-2 - 1) + -4))
-3
What is -3 - 4 - -4 - 1?
-4
-1 + (9 - 3) + -9
-4
What is the value of 2 + (-2 - 1) - (-1 - 4)?
4
What is the value of -1 - 0 - (3 + -5)?
1
Calculate -8 + 3 - (-1 - (-2 + 3)).
-3
Calculate -8 + 13 - (3 - -2).
0
-11 - (-32 + 11 - -10)
0
What is the value of 2 - (5 - (-9 + 6))?
-6
(-12 - -14) + 3 + -9
-4
Evaluate (-2 - -2) + -3 - -2.
-1
What is -1 + -2 + 0 + 5?
2
What is -1 - (7 + -4) - 0?
-4
(6 - 1) + (8 - 7)
6
What is the value of 0 + 0 + -4 + 9 + -2?
3
What is the value of -4 - (-6 - 0) - 1?
1
Calculate (-2 - 9) + 5 + 4.
-2
What is -3 - (1 + 7 + -12 - -1)?
0
Evaluate 0 - (3 - -1) - -5 - 2.
-1
Calculate 2 + -8 + 0 - -9.
3
-1 + 3 + -5 + -2 + 0
-5
-3 + 3 - (-4 - -3 - -2)
-1
Evaluate (21 - (7 - -9)) + (1 - 16).
-10
Calculate (0 + -1 -